{"id":238,"date":"2019-02-13T23:47:29","date_gmt":"2019-02-13T23:47:29","guid":{"rendered":"http:\/\/doble-eme.com.ar\/wordpress\/?page_id=238"},"modified":"2019-02-13T23:47:29","modified_gmt":"2019-02-13T23:47:29","slug":"redes-sociales","status":"publish","type":"page","link":"https:\/\/doble-eme.com.ar\/wordpress\/redes-sociales\/","title":{"rendered":"Redes sociales"},"content":{"rendered":"<p>[vc_row bg_color=&#8221;#b9131a&#8221; text_color=&#8221;light&#8221; top_padding=&#8221;70&#8243; bottom_padding=&#8221;50&#8243;][vc_column animation=&#8221;fade-in-from-left&#8221; width=&#8221;1\/1&#8243;]<h1 class=\"headline font-special fontsize-xl fontweight-300 lh-14 align-left transform-inherit \" style=\"margin: 0 0 20px 0;\">Posicionamiento online de toda la empresa, marca o producto.<br \/>\nPresencia de marca en todas las redes.<\/h1>[\/vc_column][\/vc_row][vc_row top_padding=&#8221;40&#8243; bottom_padding=&#8221;50&#8243;][vc_column width=&#8221;1\/6&#8243;]<div class=\"single_image wpb_content_element align-right  animate  \" data-animation=\"fade-in-from-left\" data-delay=\"0\"><img loading=\"lazy\" decoding=\"async\" class=\"\" src=\"https:\/\/doble-eme.com.ar\/wordpress\/wp-content\/uploads\/2019\/02\/02-RRPP-100x100.png\" width=\"100\" height=\"100\" alt=\"Doble eme comunicaci\u00f3n y prensa\" title=\"02 RRPP\" \/><\/div>[\/vc_column][vc_column animation=&#8221;fade-in-from-bottom&#8221; width=&#8221;2\/3&#8243;]<div class=\"spacer\" style=\"height: 40px;\"><\/div><h1 class=\"headline font-inherit fontsize-s fontweight-600 lh-inherit align-left transform-inherit \" style=\"margin: 0 0 20px 0; color: #b9131a;\">Redes sociales<\/h1><div class=\"newdivider align-left\" style=\"border-bottom-style: solid; border-color: #dd8500; border-bottom-width: 3px; margin-top: -15px; margin-bottom: 20; width: 5%; \"><\/div><div class=\"clear\"><\/div>[vc_column_text]Las redes sociales hoy son uno de los canales m\u00e1s importantes de comunicaci\u00f3n de toda empresa, marca, producto. Para ello es fundamental su actualizaci\u00f3n diaria a trav\u00e9s de posteos, promociones y respuestas inmediatas a los seguidores.<\/p>\n<ul>\n<li>Cuando atendemos una marca creemos que lo principal es generar contenido propio sin perder de vista el concepto y la l\u00ednea que maneja la marca.<\/li>\n<li>Adem\u00e1s es relevante la atenci\u00f3n a la comunidad y las respuestas de sus consultas ya que el p\u00fablico local tiene una gran demanda de respuesta inmediata y es importante atender este punto porque se trata de un potencial cliente, principalmente en los canales de venta.<\/li>\n<\/ul>\n<p>En redes trabajamos con:<\/p>\n<ul>\n<li>Selecci\u00f3n de embajadores.<\/li>\n<li>Ante productos nuevos realizamos campa\u00f1as con caracter\u00edsticas locales.<\/li>\n<li>Ofrecemos promociones a trav\u00e9s de las redes, que lleven a usuarios a puntos de venta oficiales.<\/li>\n<li>Realizamos campa\u00f1as para fechas importantes a nivel local, con contenidos de alto valor viral.<\/li>\n<li>Campa\u00f1as de marketing.<\/li>\n<\/ul>\n<p>[\/vc_column_text][\/vc_column][vc_column width=&#8221;1\/6&#8243;][\/vc_column][\/vc_row][vc_row][vc_column width=&#8221;1\/1&#8243;]<div class=\"spacer\" style=\"height: 40px;\"><\/div>[\/vc_column][\/vc_row][vc_row bg_color=&#8221;#3d454c&#8221; top_padding=&#8221;40&#8243; bottom_padding=&#8221;20&#8243;][vc_column animation=&#8221;fade-in-from-left&#8221; width=&#8221;1\/1&#8243; delay=&#8221;400&#8243;][vc_row_inner][vc_column_inner width=&#8221;1\/4&#8243;]<div class=\"single_image wpb_content_element align-left   \" data-animation=\"none\" data-delay=\"0\"><img loading=\"lazy\" decoding=\"async\" width=\"231\" height=\"47\" src=\"https:\/\/doble-eme.com.ar\/wordpress\/wp-content\/uploads\/2019\/02\/Logo-DobleEme-230x46px-Gris-01.png\" class=\"attachment-medium\" alt=\"Doble eme comunicaci\u00f3n y prensa\" \/><\/div>[\/vc_column_inner][vc_column_inner width=&#8221;1\/4&#8243;]<div class=\"single_image wpb_content_element align-left   \" data-animation=\"none\" data-delay=\"0\"><img loading=\"lazy\" decoding=\"async\" width=\"231\" height=\"47\" src=\"https:\/\/doble-eme.com.ar\/wordpress\/wp-content\/uploads\/2019\/02\/Logo-Consejo-230x46px-Gris02.png\" class=\"attachment-full\" alt=\"Doble eme comunicaci\u00f3n y prensa\" \/><\/div>[\/vc_column_inner][vc_column_inner width=&#8221;1\/4&#8243;][\/vc_column_inner][vc_column_inner width=&#8221;1\/4&#8243;][\/vc_column_inner][\/vc_row_inner]<div class=\"spacer\" style=\"height: 20px;\"><\/div>[vc_column_text]<\/p>\n<h6 style=\"text-align: left;\"><span style=\"color: #6b7b83;\">Doble Eme Comunicaci\u00f3n<\/span><span style=\"color: #6b7b83;\">\u00a0 \u00a0I\u00a0 \u00a0<\/span><span style=\"color: #6b7b83;\">+54 11 3974.5439\u00a0 \u00a0I\u00a0 \u00a0Cachimayo 821 5\u00b0 B (C1424ARC)\u00a0 \u00a0I\u00a0 \u00a0Ciudad de Buenos Aires .\u00a0 Argentina<\/span><\/h6>\n<p>[\/vc_column_text][\/vc_column][\/vc_row][vc_row bg_color=&#8221;#000000&#8243; top_padding=&#8221;25&#8243; bottom_padding=&#8221;25&#8243;][vc_column width=&#8221;1\/2&#8243;][vc_column_text]<\/p>\n<p style=\"text-align: left;\"><span style=\"color: #ffffff;\">2019 \u00a9 Todos los Derechos Reservados<\/span><\/p>\n<p>[\/vc_column_text][\/vc_column][vc_column width=&#8221;1\/2&#8243;][vc_column_text]<\/p>\n<p style=\"text-align: right;\">Dise\u00f1o por <a href=\"http:\/\/ideaneta.com.ar\" target=\"_blank\" rel=\"noopener\">Idea Neta Estudio<\/a><\/p>\n<p>[\/vc_column_text][\/vc_column][\/vc_row]<\/p>\n","protected":false},"excerpt":{"rendered":"<p>[vc_row bg_color=&#8221;#b9131a&#8221; text_color=&#8221;light&#8221; top_padding=&#8221;70&#8243; bottom_padding=&#8221;50&#8243;][vc_column animation=&#8221;fade-in-from-left&#8221; width=&#8221;1\/1&#8243;][\/vc_column][\/vc_row][vc_row top_padding=&#8221;40&#8243; bottom_padding=&#8221;50&#8243;][vc_column width=&#8221;1\/6&#8243;][\/vc_column][vc_column animation=&#8221;fade-in-from-bottom&#8221; width=&#8221;2\/3&#8243;][vc_column_text]Las redes sociales hoy son uno de los canales m\u00e1s importantes de comunicaci\u00f3n de toda empresa, marca, producto. Para ello es fundamental su actualizaci\u00f3n diaria a trav\u00e9s de posteos, promociones y respuestas inmediatas a los seguidores. Cuando atendemos una marca creemos que lo principal es generar contenido propio sin perder de vista el concepto y la l\u00ednea que maneja la marca. Adem\u00e1s es relevante la atenci\u00f3n a la comunidad y las respuestas de sus consultas ya que el p\u00fablico local tiene una gran demanda de respuesta inmediata y es importante atender este punto porque se trata de un potencial cliente, principalmente en los canales de venta. En redes trabajamos con: Selecci\u00f3n de embajadores. Ante productos nuevos realizamos campa\u00f1as con caracter\u00edsticas locales. Ofrecemos promociones a trav\u00e9s de las redes, que lleven a usuarios a puntos de venta oficiales. Realizamos campa\u00f1as para fechas importantes a nivel local, con contenidos de alto valor viral. Campa\u00f1as de marketing. [\/vc_column_text][\/vc_column][vc_column width=&#8221;1\/6&#8243;][\/vc_column][\/vc_row][vc_row][vc_column width=&#8221;1\/1&#8243;][\/vc_column][\/vc_row][vc_row bg_color=&#8221;#3d454c&#8221; top_padding=&#8221;40&#8243; bottom_padding=&#8221;20&#8243;][vc_column animation=&#8221;fade-in-from-left&#8221; width=&#8221;1\/1&#8243; delay=&#8221;400&#8243;][vc_row_inner][vc_column_inner width=&#8221;1\/4&#8243;][\/vc_column_inner][vc_column_inner width=&#8221;1\/4&#8243;][\/vc_column_inner][vc_column_inner width=&#8221;1\/4&#8243;][\/vc_column_inner][vc_column_inner width=&#8221;1\/4&#8243;][\/vc_column_inner][\/vc_row_inner][vc_column_text] Doble Eme Comunicaci\u00f3n\u00a0 \u00a0I\u00a0 \u00a0+54 11 3974.5439\u00a0 \u00a0I\u00a0 \u00a0Cachimayo 821 5\u00b0 B (C1424ARC)\u00a0 \u00a0I\u00a0 \u00a0Ciudad de Buenos Aires .\u00a0 Argentina [\/vc_column_text][\/vc_column][\/vc_row][vc_row bg_color=&#8221;#000000&#8243; [&hellip;]<\/p>\n","protected":false},"author":1,"featured_media":0,"parent":0,"menu_order":0,"comment_status":"closed","ping_status":"closed","template":"","meta":{"footnotes":""},"class_list":["post-238","page","type-page","status-publish","hentry"],"_links":{"self":[{"href":"https:\/\/doble-eme.com.ar\/wordpress\/wp-json\/wp\/v2\/pages\/238","targetHints":{"allow":["GET"]}}],"collection":[{"href":"https:\/\/doble-eme.com.ar\/wordpress\/wp-json\/wp\/v2\/pages"}],"about":[{"href":"https:\/\/doble-eme.com.ar\/wordpress\/wp-json\/wp\/v2\/types\/page"}],"author":[{"embeddable":true,"href":"https:\/\/doble-eme.com.ar\/wordpress\/wp-json\/wp\/v2\/users\/1"}],"replies":[{"embeddable":true,"href":"https:\/\/doble-eme.com.ar\/wordpress\/wp-json\/wp\/v2\/comments?post=238"}],"version-history":[{"count":1,"href":"https:\/\/doble-eme.com.ar\/wordpress\/wp-json\/wp\/v2\/pages\/238\/revisions"}],"predecessor-version":[{"id":239,"href":"https:\/\/doble-eme.com.ar\/wordpress\/wp-json\/wp\/v2\/pages\/238\/revisions\/239"}],"wp:attachment":[{"href":"https:\/\/doble-eme.com.ar\/wordpress\/wp-json\/wp\/v2\/media?parent=238"}],"curies":[{"name":"wp","href":"https:\/\/api.w.org\/{rel}","templated":true}]}}