{"id":5,"date":"2019-02-04T00:19:02","date_gmt":"2019-02-04T00:19:02","guid":{"rendered":"http:\/\/doble-eme.com.ar\/wordpress\/?page_id=5"},"modified":"2019-02-14T22:15:17","modified_gmt":"2019-02-14T22:15:17","slug":"nosotros","status":"publish","type":"page","link":"https:\/\/doble-eme.com.ar\/wordpress\/nosotros\/","title":{"rendered":"Nosotros"},"content":{"rendered":"<p>[vc_row top_padding=&#8221;50&#8243;][vc_column animation=&#8221;fade-in-from-bottom&#8221; width=&#8221;2\/3&#8243; delay=&#8221;400&#8243;]<h1 class=\"headline font-inherit fontsize-m fontweight-600 lh-inherit align-left transform-inherit \" style=\"margin: 0 0 20px 0; color: #b9131a;\">Nuestra visi\u00f3n<\/h1><div class=\"newdivider align-left\" style=\"border-bottom-style: solid; border-color: #dd8500; border-bottom-width: 3px; margin-top: -15px; margin-bottom: 20; width: 5%; \"><\/div><div class=\"clear\"><\/div>[vc_column_text]<\/p>\n<p class=\"Estilo34\">En Doble Eme desarrollamos estrategias integrales de comunicaci\u00f3n con el objetivo de ampliar las oportunidades de crecimiento de empresas, tanto a trav\u00e9s del fortalecimiento de la imagen y el discurso corporativo o institucional como de la gesti\u00f3n de diferentes recursos comunicacionales.<\/p>\n<p class=\"Estilo34\">Nuestra misi\u00f3n es convertir los activos de comunicaci\u00f3n de su empresa en herramientas estrat\u00e9gicas para conseguir mayor presencia en los medios de comunicaci\u00f3n y potenciar la relaci\u00f3n con los mismos.<\/p>\n<p class=\"Estilo34\">Prensa y difusi\u00f3n, relaciones p\u00fablicas y comerciales y marketing son algunas de las herramientas que utilizamos para generar nuevos v\u00ednculos y posibilidades de negocios. Creemos que cada cliente es un socio de trabajo que busca potenciar sus aspectos positivos y corregir sus debilidades para optimizar su rendimiento global.<\/p>\n<p class=\"Estilo34\">Para lograrlo contamos con un grupo de profesionales de trayectoria\u00a0 en el mercado tecnol\u00f3gico, que trabajan en equipo en cada etapa, desde la planificaci\u00f3n hasta la puesta en marcha del proyecto a fin de alcanzar el resultado esperado en cada uno de los desaf\u00edos.<\/p>\n<p class=\"Estilo34\">Con una estrategia bien articulada, ayudamos a nuestros clientes en la aplicaci\u00f3n de estrategias comunicacionales apropiadas, que les permitan optimizar el esfuerzo y maximizar los resultados brindando la mejor propuesta en comunicaciones integradas.<\/p>\n<p>[\/vc_column_text]<h1 class=\"headline font-inherit fontsize-s fontweight-600 lh-inherit align-left transform-inherit \" style=\"margin: 0 0 20px 0; color: #b9131a;\">Mar\u00eda M\u00f3naco<\/h1><div class=\"divider divider1\" style='margin:20px 0 20px 0 !important;'><\/div>[vc_column_text]<img loading=\"lazy\" decoding=\"async\" class=\"alignnone wp-image-209\" src=\"https:\/\/doble-eme.com.ar\/wordpress\/wp-content\/uploads\/2019\/02\/pdf.png\" alt=\"\" width=\"36\" height=\"36\" srcset=\"https:\/\/doble-eme.com.ar\/wordpress\/wp-content\/uploads\/2019\/02\/pdf.png 128w, https:\/\/doble-eme.com.ar\/wordpress\/wp-content\/uploads\/2019\/02\/pdf-80x80.png 80w\" sizes=\"auto, (max-width: 36px) 100vw, 36px\" \/>\u00a0\u00a0\u00a0 <a href=\"https:\/\/doble-eme.com.ar\/wordpress\/wp-content\/uploads\/2019\/02\/DobleEme-2019.pdf\" target=\"_blank\" rel=\"noopener\">Descargar presentaci\u00f3n<\/a>[\/vc_column_text][vc_row_inner][vc_column_inner width=&#8221;1\/4&#8243;][\/vc_column_inner][vc_column_inner width=&#8221;3\/4&#8243;][\/vc_column_inner][\/vc_row_inner][\/vc_column][vc_column animation=&#8221;fade-in-from-bottom&#8221; column_padding=&#8221;padding-2&#8243; width=&#8221;1\/3&#8243; delay=&#8221;600&#8243;]<h1 class=\"headline font-inherit fontsize-xs fontweight-600 lh-inherit align-left transform-inherit \" style=\"margin: 0 0 20px 0; color: #b9131a;\">INSTAGRAM<\/h1><div class=\"newdivider align-left\" style=\"border-bottom-style: solid; border-color: #dd8500; border-bottom-width: 3px; margin-top: -15px; margin-bottom: 20; width: 5%; \"><\/div><div class=\"clear\"><\/div>[vc_column_text]\n<div id=\"sb_instagram\"  class=\"sbi sbi_mob_col_1 sbi_tab_col_2 sbi_col_3\" style=\"padding-bottom: 10px; width: 80%;\"\t data-feedid=\"sbi_#9\"  data-res=\"auto\" data-cols=\"3\" data-colsmobile=\"1\" data-colstablet=\"2\" data-num=\"9\" data-nummobile=\"\" data-item-padding=\"5\"\t data-shortcode-atts=\"{&quot;num&quot;:&quot;9&quot;,&quot;cols&quot;:&quot;3&quot;}\"  data-postid=\"5\" data-locatornonce=\"022ab41c26\" data-imageaspectratio=\"1:1\" data-sbi-flags=\"favorLocal\">\n\t\n\t<div id=\"sbi_images\"  style=\"gap: 10px;\">\n\t\t\t<\/div>\n\n\t<div id=\"sbi_load\" >\n\n\t\n\t\n<\/div>\n\t\t<span class=\"sbi_resized_image_data\" data-feed-id=\"sbi_#9\"\n\t\t  data-resized=\"[]\">\n\t<\/span>\n\t<\/div>\n\n[\/vc_column_text]<div class=\"divider divider1\" style='margin:20px 0 20px 0 !important;'><\/div><h1 class=\"headline font-inherit fontsize-xs fontweight-600 lh-inherit align-left transform-inherit \" style=\"margin: 0 0 20px 0; color: #b9131a;\">TWITTER<\/h1><div class=\"newdivider align-left\" style=\"border-bottom-style: solid; border-color: #dd8500; border-bottom-width: 3px; margin-top: -15px; margin-bottom: 20; width: 5%; \"><\/div><div class=\"clear\"><\/div>[vc_column_text]\n<!-- Custom Twitter Feeds by Smash Balloon -->\n<div id=\"ctf\" class=\" ctf ctf-type-usertimeline ctf-rebranded ctf-feed-381234363  ctf-styles ctf-list ctf-regular-style\"   data-ctfshortcode=\"[]\"   data-ctfdisablelinks=\"false\" data-ctflinktextcolor=\"#\" data-header-size=\"small\" data-feedid=\"381234363\" data-postid=\"5\"  data-ctfintents=\"1\"  data-ctfneeded=\"2\">\n            <div id=\"ctf\" class=\"ctf\">\n            <div class=\"ctf-error\">\n                <div class=\"ctf-error-user\">\n\t\t\t\t\tTwitter feed is not available at the moment.                <\/div>\n            <\/div>\n        <\/div>\n\t\t    <div class=\"ctf-tweets\">\n   \t\t    <\/div>\n    \n<\/div>\n[\/vc_column_text][\/vc_column][\/vc_row][vc_row bg_color=&#8221;#3d454c&#8221; top_padding=&#8221;40&#8243; bottom_padding=&#8221;20&#8243;][vc_column animation=&#8221;fade-in-from-left&#8221; width=&#8221;1\/1&#8243; delay=&#8221;400&#8243;][vc_row_inner][vc_column_inner width=&#8221;1\/4&#8243;]<div class=\"single_image wpb_content_element align-left   \" data-animation=\"none\" data-delay=\"0\"><img loading=\"lazy\" decoding=\"async\" width=\"231\" height=\"47\" src=\"https:\/\/doble-eme.com.ar\/wordpress\/wp-content\/uploads\/2019\/02\/Logo-DobleEme-230x46px-Gris-01.png\" class=\"attachment-medium\" alt=\"Doble eme comunicaci\u00f3n y prensa\" \/><\/div>[\/vc_column_inner][vc_column_inner width=&#8221;1\/4&#8243;]<div class=\"single_image wpb_content_element align-left   \" data-animation=\"none\" data-delay=\"0\"><img loading=\"lazy\" decoding=\"async\" width=\"231\" height=\"47\" src=\"https:\/\/doble-eme.com.ar\/wordpress\/wp-content\/uploads\/2019\/02\/Logo-Consejo-230x46px-Gris02.png\" class=\"attachment-full\" alt=\"Doble eme comunicaci\u00f3n y prensa\" \/><\/div>[\/vc_column_inner][vc_column_inner width=&#8221;1\/4&#8243;][\/vc_column_inner][vc_column_inner width=&#8221;1\/4&#8243;][\/vc_column_inner][\/vc_row_inner]<div class=\"spacer\" style=\"height: 20px;\"><\/div>[vc_column_text]<\/p>\n<h6 style=\"text-align: left;\"><span style=\"color: #6b7b83;\">Doble Eme Comunicaci\u00f3n<\/span><span style=\"color: #6b7b83;\">\u00a0 \u00a0I\u00a0 \u00a0<\/span><span style=\"color: #6b7b83;\">+54 11 3974.5439\u00a0 \u00a0I\u00a0 \u00a0Cachimayo 821 5\u00b0 B (C1424ARC)\u00a0 \u00a0I\u00a0 \u00a0Ciudad de Buenos Aires .\u00a0 Argentina<\/span><\/h6>\n<p>[\/vc_column_text][\/vc_column][\/vc_row][vc_row bg_color=&#8221;#000000&#8243; top_padding=&#8221;25&#8243; bottom_padding=&#8221;25&#8243;][vc_column width=&#8221;1\/2&#8243;][vc_column_text]<\/p>\n<p style=\"text-align: left;\"><span style=\"color: #ffffff;\">2019 \u00a9 Todos los Derechos Reservados<\/span><\/p>\n<p>[\/vc_column_text][\/vc_column][vc_column width=&#8221;1\/2&#8243;][vc_column_text]<\/p>\n<p style=\"text-align: right;\">Dise\u00f1o por <a href=\"http:\/\/ideaneta.com.ar\" target=\"_blank\" rel=\"noopener\">Idea Neta Estudio<\/a><\/p>\n<p>[\/vc_column_text][\/vc_column][\/vc_row]<\/p>\n","protected":false},"excerpt":{"rendered":"<p>[vc_row top_padding=&#8221;50&#8243;][vc_column animation=&#8221;fade-in-from-bottom&#8221; width=&#8221;2\/3&#8243; delay=&#8221;400&#8243;][vc_column_text] En Doble Eme desarrollamos estrategias integrales de comunicaci\u00f3n con el objetivo de ampliar las oportunidades de crecimiento de empresas, tanto a trav\u00e9s del fortalecimiento de la imagen y el discurso corporativo o institucional como de la gesti\u00f3n de diferentes recursos comunicacionales. Nuestra misi\u00f3n es convertir los activos de comunicaci\u00f3n de su empresa en herramientas estrat\u00e9gicas para conseguir mayor presencia en los medios de comunicaci\u00f3n y potenciar la relaci\u00f3n con los mismos. Prensa y difusi\u00f3n, relaciones p\u00fablicas y comerciales y marketing son algunas de las herramientas que utilizamos para generar nuevos v\u00ednculos y posibilidades de negocios. Creemos que cada cliente es un socio de trabajo que busca potenciar sus aspectos positivos y corregir sus debilidades para optimizar su rendimiento global. Para lograrlo contamos con un grupo de profesionales de trayectoria\u00a0 en el mercado tecnol\u00f3gico, que trabajan en equipo en cada etapa, desde la planificaci\u00f3n hasta la puesta en marcha del proyecto a fin de alcanzar el resultado esperado en cada uno de los desaf\u00edos. Con una estrategia bien articulada, ayudamos a nuestros clientes en la aplicaci\u00f3n de estrategias comunicacionales apropiadas, que les permitan optimizar el esfuerzo y maximizar los resultados brindando la mejor propuesta en comunicaciones [&hellip;]<\/p>\n","protected":false},"author":1,"featured_media":0,"parent":0,"menu_order":0,"comment_status":"closed","ping_status":"closed","template":"","meta":{"footnotes":""},"class_list":["post-5","page","type-page","status-publish","hentry"],"_links":{"self":[{"href":"https:\/\/doble-eme.com.ar\/wordpress\/wp-json\/wp\/v2\/pages\/5","targetHints":{"allow":["GET"]}}],"collection":[{"href":"https:\/\/doble-eme.com.ar\/wordpress\/wp-json\/wp\/v2\/pages"}],"about":[{"href":"https:\/\/doble-eme.com.ar\/wordpress\/wp-json\/wp\/v2\/types\/page"}],"author":[{"embeddable":true,"href":"https:\/\/doble-eme.com.ar\/wordpress\/wp-json\/wp\/v2\/users\/1"}],"replies":[{"embeddable":true,"href":"https:\/\/doble-eme.com.ar\/wordpress\/wp-json\/wp\/v2\/comments?post=5"}],"version-history":[{"count":21,"href":"https:\/\/doble-eme.com.ar\/wordpress\/wp-json\/wp\/v2\/pages\/5\/revisions"}],"predecessor-version":[{"id":255,"href":"https:\/\/doble-eme.com.ar\/wordpress\/wp-json\/wp\/v2\/pages\/5\/revisions\/255"}],"wp:attachment":[{"href":"https:\/\/doble-eme.com.ar\/wordpress\/wp-json\/wp\/v2\/media?parent=5"}],"curies":[{"name":"wp","href":"https:\/\/api.w.org\/{rel}","templated":true}]}}